{"id":229468,"date":"2024-12-12T15:15:50","date_gmt":"2024-12-12T14:15:50","guid":{"rendered":"https:\/\/www.costadelsol-mallorca.com\/property\/san-pedro-de-alcantara-malaga-spain-ground-floor-apartment\/"},"modified":"2026-03-21T04:32:07","modified_gmt":"2026-03-21T03:32:07","slug":"san-pedro-de-alcantara-malaga-spain-ground-floor-apartment","status":"publish","type":"property","link":"https:\/\/www.costadelsol-mallorca.com\/es\/property\/san-pedro-de-alcantara-malaga-spain-ground-floor-apartment\/","title":{"rendered":"San Pedro de Alcantara, Malaga, Spain &#8211; Ground Floor Apartment"},"content":{"rendered":"<p>Desarrollo en el coraz\u00f3n de San Pedro De Alcantara. Construcci\u00f3n para este nuevo proyecto impresionante acaba de comenzar y ya quedan muy pocas unidades!&#xD;&#xD;Estrat\u00e9gicamente ubicado en el Boulevard de San Pedro, todo lo que necesita est\u00e1 a pocos pasos de distancia. Desde supermercados, tiendas a farmacias y servicios m\u00e9dicos, as\u00ed como uno de los mejores clubes de tenis y paddle en la zona, campos de golf, restaurantes y clubes de playa. El desarrollo se centra en la oferta pr\u00e1ctica de una experiencia de vida \u00fanica. Las zonas comunes permitir\u00e1n sumergirse en instalaciones de \u00faltima generaci\u00f3n, como un espacio dedicado de coworking para el profesional moderno, puntos de carga EV para la piscina climatizada cubierta y un gimnasio y spa totalmente equipados. El complejo estar\u00e1 completamente cerrado, con entrada de seguridad y puerta de control. En resumen, esta impresionante nueva comunidad, destaca como el mejor proyecto en la zona debido a su dise\u00f1o \u00fanico y vanguardista que combina est\u00e9tica y funcionalidad de una manera excepcional. \u00a1\u00danete a nosotros y experimenta un nuevo nivel de vida inmejorable!&#xD;&#xD;El apartamento se construir\u00e1 con materiales y calidades superiores a lo largo de todo, plan abierto vivir perfectamente mezclado con el exterior. Esta propiedad tendr\u00e1 3 dormitorios y 2 ba\u00f1os con tambi\u00e9n una plaza de aparcamiento en el precio.<\/p>\n","protected":false},"excerpt":{"rendered":"<p>Desarrollo en el coraz\u00f3n de San Pedro De Alcantara. Construcci\u00f3n para este nuevo proyecto impresionante acaba de comenzar y ya quedan muy pocas unidades!&#xD;&#xD;Estrat\u00e9gicamente ubicado en el Boulevard de San Pedro, todo lo que necesita est\u00e1 a pocos pasos de distancia. Desde supermercados, tiendas a farmacias y servicios m\u00e9dicos, as\u00ed como uno de los mejores&#8230;<\/p>\n","protected":false},"author":0,"featured_media":223509,"parent":0,"menu_order":0,"comment_status":"open","ping_status":"open","template":"","property-feature":[1544,1633,1545,1643,1552,1650,1553,1657,1556,1669,1560,1673,1561,1674,1566,1567,1571,1577,1578,1591,1592,264,1594,616,1620],"property-type":[1599],"property-city":[1575,866,875],"property-status":[],"class_list":["post-229468","property","type-property","status-publish","has-post-thumbnail","hentry","property-feature-air-conditioning","property-feature-kitchen-equipped","property-feature-fully-fitted-kitchen","property-feature-urban-view","property-feature-alarm","property-feature-close-to-sea-beach","property-feature-double-glazing","property-feature-gated-community","property-feature-security-service-24h","property-feature-glass-doors","property-feature-underfloor-heating-throughout","property-feature-25-71-m-terrace","property-feature-covered-terrace","property-feature-close-to-children-playground","property-feature-amenities-near","property-feature-garden-view","property-feature-close-to-golf","property-feature-brand-new","property-feature-mountain-view","property-feature-communal-garden","property-feature-communal-pool","property-feature-ascensor","property-feature-excellent-condition","property-feature-gym-es","property-feature-communal-garage","property-type-ground-floor-apartment","property-city-san-pedro-de-alcantara","property-city-costa-del-sol","property-city-malaga","zones-cs"],"aioseo_notices":[],"property_meta":{"REAL_HOMES_property_price":"885000","REAL_HOMES_property_old_price":"","REAL_HOMES_property_price_prefix":"","REAL_HOMES_property_price_postfix":"","REAL_HOMES_property_size":"117","REAL_HOMES_property_size_postfix":"","REAL_HOMES_property_lot_size":"","REAL_HOMES_property_lot_size_postfix":"","REAL_HOMES_property_bedrooms":"3","REAL_HOMES_property_bathrooms":"2","REAL_HOMES_property_garage":"","REAL_HOMES_property_id":"MDL136S","REAL_HOMES_property_year_built":"","rvr_property_owner":"","REAL_HOMES_featured":"0","REAL_HOMES_additional_details_list":[["",""]],"REAL_HOMES_property_location":{"latitude":"","longitude":"","zoom":""},"REAL_HOMES_property_address":"","REAL_HOMES_property_map":"0","REAL_HOMES_property_images":[{"width":150,"height":150,"file":"2025\/05\/a45b2f60.jpg","filesize":905330,"sizes":{"thumbnail":{"file":"a45b2f60-150x150.jpg","width":150,"height":150,"mime-type":"image\/jpeg","filesize":22996,"url":"https:\/\/www.costadelsol-mallorca.com\/wp-content\/uploads\/2025\/05\/a45b2f60-150x150.jpg"},"tf-client-image-size":{"file":"a45b2f60-120x120.jpg","width":120,"height":120,"mime-type":"image\/jpeg","filesize":15337,"url":"https:\/\/www.costadelsol-mallorca.com\/wp-content\/uploads\/2025\/05\/a45b2f60-120x120.jpg"},"post-thumbnail":{"file":"a45b2f60-150x107.jpg","width":150,"height":107,"mime-type":"image\/jpeg","filesize":18474,"url":"https:\/\/www.costadelsol-mallorca.com\/wp-content\/uploads\/2025\/05\/a45b2f60-150x107.jpg"},"modern-property-child-slider":{"file":"a45b2f60-680x510.jpg","width":680,"height":510,"mime-type":"image\/jpeg","filesize":279950,"url":"https:\/\/www.costadelsol-mallorca.com\/wp-content\/uploads\/2025\/05\/a45b2f60-680x510.jpg"},"property-thumb-image":{"file":"a45b2f60-488x326.jpg","width":488,"height":326,"mime-type":"image\/jpeg","filesize":138604,"url":"https:\/\/www.costadelsol-mallorca.com\/wp-content\/uploads\/2025\/05\/a45b2f60-488x326.jpg"},"property-detail-video-image":{"file":"a45b2f60-818x417.jpg","width":818,"height":417,"mime-type":"image\/jpeg","filesize":282062,"url":"https:\/\/www.costadelsol-mallorca.com\/wp-content\/uploads\/2025\/05\/a45b2f60-818x417.jpg"},"agent-image":{"file":"a45b2f60-210x210.jpg","width":210,"height":210,"mime-type":"image\/jpeg","filesize":42672,"url":"https:\/\/www.costadelsol-mallorca.com\/wp-content\/uploads\/2025\/05\/a45b2f60-210x210.jpg"},"partners-logo":{"file":"a45b2f60-600x1374.jpg","width":600,"height":1374,"mime-type":"image\/jpeg","filesize":520888,"url":"https:\/\/www.costadelsol-mallorca.com\/wp-content\/uploads\/2025\/05\/a45b2f60-600x1374.jpg"},"post-featured-image":{"file":"a45b2f60-1240x720.jpg","width":1240,"height":720,"mime-type":"image\/jpeg","filesize":648856,"url":"https:\/\/www.costadelsol-mallorca.com\/wp-content\/uploads\/2025\/05\/a45b2f60-1240x720.jpg"}},"image_meta":{"aperture":"0","credit":"","camera":"","caption":"","created_timestamp":"0","copyright":"","focal_length":"0","iso":"0","shutter_speed":"0","title":"","orientation":"0","keywords":[]},"ID":"223509","name":"a45b2f60.jpg","path":"\/home\/ro\/web\/costadelsol-mallorca.com\/public_html\/wp-content\/uploads\/2025\/05\/a45b2f60.jpg","url":"https:\/\/www.costadelsol-mallorca.com\/wp-content\/uploads\/2025\/05\/a45b2f60-150x150.jpg","full_url":"https:\/\/www.costadelsol-mallorca.com\/wp-content\/uploads\/2025\/05\/a45b2f60.jpg","title":"a45b2f60","caption":"","description":"","alt":"","srcset":"https:\/\/www.costadelsol-mallorca.com\/wp-content\/uploads\/2025\/05\/a45b2f60-150x150.jpg 150w, https:\/\/www.costadelsol-mallorca.com\/wp-content\/uploads\/2025\/05\/a45b2f60-120x120.jpg 120w, https:\/\/www.costadelsol-mallorca.com\/wp-content\/uploads\/2025\/05\/a45b2f60-210x210.jpg 210w"},{"width":150,"height":150,"file":"2025\/05\/d84f996c.jpg","filesize":712609,"sizes":{"thumbnail":{"file":"d84f996c-150x150.jpg","width":150,"height":150,"mime-type":"image\/jpeg","filesize":17991,"url":"https:\/\/www.costadelsol-mallorca.com\/wp-content\/uploads\/2025\/05\/d84f996c-150x150.jpg"},"tf-client-image-size":{"file":"d84f996c-120x120.jpg","width":120,"height":120,"mime-type":"image\/jpeg","filesize":12106,"url":"https:\/\/www.costadelsol-mallorca.com\/wp-content\/uploads\/2025\/05\/d84f996c-120x120.jpg"},"post-thumbnail":{"file":"d84f996c-150x97.jpg","width":150,"height":97,"mime-type":"image\/jpeg","filesize":14256,"url":"https:\/\/www.costadelsol-mallorca.com\/wp-content\/uploads\/2025\/05\/d84f996c-150x97.jpg"},"modern-property-child-slider":{"file":"d84f996c-680x510.jpg","width":680,"height":510,"mime-type":"image\/jpeg","filesize":233685,"url":"https:\/\/www.costadelsol-mallorca.com\/wp-content\/uploads\/2025\/05\/d84f996c-680x510.jpg"},"property-thumb-image":{"file":"d84f996c-488x326.jpg","width":488,"height":326,"mime-type":"image\/jpeg","filesize":115307,"url":"https:\/\/www.costadelsol-mallorca.com\/wp-content\/uploads\/2025\/05\/d84f996c-488x326.jpg"},"property-detail-video-image":{"file":"d84f996c-818x417.jpg","width":818,"height":417,"mime-type":"image\/jpeg","filesize":252003,"url":"https:\/\/www.costadelsol-mallorca.com\/wp-content\/uploads\/2025\/05\/d84f996c-818x417.jpg"},"agent-image":{"file":"d84f996c-210x210.jpg","width":210,"height":210,"mime-type":"image\/jpeg","filesize":33072,"url":"https:\/\/www.costadelsol-mallorca.com\/wp-content\/uploads\/2025\/05\/d84f996c-210x210.jpg"},"partners-logo":{"file":"d84f996c-600x1244.jpg","width":600,"height":1244,"mime-type":"image\/jpeg","filesize":403864,"url":"https:\/\/www.costadelsol-mallorca.com\/wp-content\/uploads\/2025\/05\/d84f996c-600x1244.jpg"},"post-featured-image":{"file":"d84f996c-1240x720.jpg","width":1240,"height":720,"mime-type":"image\/jpeg","filesize":594936,"url":"https:\/\/www.costadelsol-mallorca.com\/wp-content\/uploads\/2025\/05\/d84f996c-1240x720.jpg"}},"image_meta":{"aperture":"0","credit":"","camera":"","caption":"","created_timestamp":"0","copyright":"","focal_length":"0","iso":"0","shutter_speed":"0","title":"","orientation":"0","keywords":[]},"ID":"223513","name":"d84f996c.jpg","path":"\/home\/ro\/web\/costadelsol-mallorca.com\/public_html\/wp-content\/uploads\/2025\/05\/d84f996c.jpg","url":"https:\/\/www.costadelsol-mallorca.com\/wp-content\/uploads\/2025\/05\/d84f996c-150x150.jpg","full_url":"https:\/\/www.costadelsol-mallorca.com\/wp-content\/uploads\/2025\/05\/d84f996c.jpg","title":"d84f996c","caption":"","description":"","alt":"","srcset":"https:\/\/www.costadelsol-mallorca.com\/wp-content\/uploads\/2025\/05\/d84f996c-150x150.jpg 150w, https:\/\/www.costadelsol-mallorca.com\/wp-content\/uploads\/2025\/05\/d84f996c-120x120.jpg 120w, https:\/\/www.costadelsol-mallorca.com\/wp-content\/uploads\/2025\/05\/d84f996c-210x210.jpg 210w"}],"REAL_HOMES_change_gallery_slider_type":"","REAL_HOMES_gallery_slider_type":"thumb-on-right","inspiry_floor_plans":[],"inspiry_video_group":[],"REAL_HOMES_360_virtual_tour":"","REAL_HOMES_agent_display_option":"agent_info","REAL_HOMES_agents":[],"REAL_HOMES_energy_class":"","REAL_HOMES_energy_performance":"","REAL_HOMES_epc_current_rating":"","REAL_HOMES_epc_potential_rating":"","ere_property_schedule_tour":"","ere_property_schedule_time_slots":"","ere_property_schedule_description":"","REAL_HOMES_sticky":"","inspiry_property_label":"","inspiry_property_label_color":"","inspiry_property_tax":"","inspiry_additional_fee":"","REAL_HOMES_attachments":[],"inspiry_property_owner_name":"","inspiry_property_owner_contact":"","inspiry_property_owner_address":"","REAL_HOMES_property_private_note":"","inspiry_message_to_reviewer":"","REAL_HOMES_add_in_slider":"no","REAL_HOMES_slider_image":[],"REAL_HOMES_page_banner_image":[],"REAL_HOMES_hide_property_advance_search":"","REAL_HOMES_hide_advance_search":"","REAL_HOMES_custom_search_form":"","REAL_HOMES_search_form_margin_top":"","REAL_HOMES_search_form_margin_bottom":""},"_links":{"self":[{"href":"https:\/\/www.costadelsol-mallorca.com\/es\/wp-json\/wp\/v2\/property\/229468","targetHints":{"allow":["GET"]}}],"collection":[{"href":"https:\/\/www.costadelsol-mallorca.com\/es\/wp-json\/wp\/v2\/property"}],"about":[{"href":"https:\/\/www.costadelsol-mallorca.com\/es\/wp-json\/wp\/v2\/types\/property"}],"replies":[{"embeddable":true,"href":"https:\/\/www.costadelsol-mallorca.com\/es\/wp-json\/wp\/v2\/comments?post=229468"}],"version-history":[{"count":0,"href":"https:\/\/www.costadelsol-mallorca.com\/es\/wp-json\/wp\/v2\/property\/229468\/revisions"}],"wp:featuredmedia":[{"embeddable":true,"href":"https:\/\/www.costadelsol-mallorca.com\/es\/wp-json\/wp\/v2\/media\/223509"}],"wp:attachment":[{"href":"https:\/\/www.costadelsol-mallorca.com\/es\/wp-json\/wp\/v2\/media?parent=229468"}],"wp:term":[{"taxonomy":"property-feature","embeddable":true,"href":"https:\/\/www.costadelsol-mallorca.com\/es\/wp-json\/wp\/v2\/property-feature?post=229468"},{"taxonomy":"property-type","embeddable":true,"href":"https:\/\/www.costadelsol-mallorca.com\/es\/wp-json\/wp\/v2\/property-type?post=229468"},{"taxonomy":"property-city","embeddable":true,"href":"https:\/\/www.costadelsol-mallorca.com\/es\/wp-json\/wp\/v2\/property-city?post=229468"},{"taxonomy":"property-status","embeddable":true,"href":"https:\/\/www.costadelsol-mallorca.com\/es\/wp-json\/wp\/v2\/property-status?post=229468"}],"curies":[{"name":"wp","href":"https:\/\/api.w.org\/{rel}","templated":true}]}}

<p>Desarrollo en el corazón de San Pedro De Alcantara. Construcción para este nuevo proyecto impresionante acaba de comenzar y ya quedan muy pocas unidades!&#xD;&#xD;Estratégicamente ubicado en el Boulevard de San Pedro, todo lo que necesita está a pocos pasos de distancia. Desde supermercados, tiendas a farmacias y servicios médicos, así como uno de los mejores clubes de tenis y paddle en la zona, campos de golf, restaurantes y clubes de playa. El desarrollo se centra en la oferta práctica de una experiencia de vida única. Las zonas comunes permitirán sumergirse en instalaciones de última generación, como un espacio dedicado de coworking para el profesional moderno, puntos de carga EV para la piscina climatizada cubierta y un gimnasio y spa totalmente equipados. El complejo estará completamente cerrado, con entrada de seguridad y puerta de control. En resumen, esta impresionante nueva comunidad, destaca como el mejor proyecto en la zona debido a su diseño único y vanguardista que combina estética y funcionalidad de una manera excepcional. ¡Únete a nosotros y experimenta un nuevo nivel de vida inmejorable!&#xD;&#xD;El apartamento se construirá con materiales y calidades superiores a lo largo de todo, plan abierto vivir perfectamente mezclado con el exterior. Esta propiedad tendrá 3 dormitorios y 2 baños con también una plaza de aparcamiento en el precio.</p>

<p>Desarrollo en el corazón de San Pedro De Alcantara. Construcción para este nuevo proyecto impresionante acaba de comenzar y ya quedan muy pocas unidades!&#xD;&#xD;Estratégicamente ubicado en el Boulevard de San Pedro, todo lo que necesita está a pocos pasos de distancia. Desde supermercados, tiendas a farmacias y servicios médicos, así como uno de los mejores&#8230;</p>
